{"id":7046,"date":"2025-11-04T11:17:39","date_gmt":"2025-11-04T11:17:39","guid":{"rendered":"https:\/\/lavender.tn\/?post_type=product&#038;p=7046"},"modified":"2026-02-16T20:58:45","modified_gmt":"2026-02-16T20:58:45","slug":"talin","status":"publish","type":"product","link":"https:\/\/lavender.tn\/index.php\/product\/talin\/","title":{"rendered":"Talin"},"content":{"rendered":"<p>Robe fleurie automnale \u2013 Douceur &amp; \u00e9l\u00e9gance intemporelle<\/p>\n<p>&nbsp;<\/p>\n<p>Inspir\u00e9e par la chaleur de l\u2019automne et la d\u00e9licatesse des d\u00e9tails f\u00e9minins, cette robe allie confort, raffinement et charme vintage.<\/p>\n<p>Son tissu doux orn\u00e9 de petites fleurs, agr\u00e9ment\u00e9 de dentelle fine au col et aux poignets, cr\u00e9e une allure \u00e0 la fois modeste et gracieuse.<\/p>\n<p>La coupe fluide met en valeur la silhouette tout en offrant une libert\u00e9 de mouvement parfaite.<\/p>\n<p>&nbsp;<\/p>\n<p>\ud83e\udeb6 D\u00e9tails :<\/p>\n<p>&nbsp;<\/p>\n<p>Tissu doux et l\u00e9g\u00e8rement chaud, id\u00e9al pour la mi-saison<\/p>\n<p>&nbsp;<\/p>\n<p>Col montant d\u00e9cor\u00e9 de dentelle raffin\u00e9e<\/p>\n<p>&nbsp;<\/p>\n<p>Manches bouffantes avec boutons nacr\u00e9s<\/p>\n<p>&nbsp;<\/p>\n<p>Design \u00e9l\u00e9gant et confortable, parfait pour les femmes voil\u00e9es<\/p>\n<p>&nbsp;<\/p>\n<p>&nbsp;<\/p>\n<p>\u2728 Une pi\u00e8ce qui respire la douceur, la f\u00e9minit\u00e9 et l\u2019\u00e9<\/p>\n<p>l\u00e9gance discr\u00e8te.<\/p>\n","protected":false},"excerpt":{"rendered":"<p>Robe fleurie automnale \u2013 Douceur &amp; \u00e9l\u00e9gance intemporelle &nbsp; Inspir\u00e9e par la chaleur de l\u2019automne et la d\u00e9licatesse des d\u00e9tails f\u00e9minins, cette robe allie confort, raffinement et charme vintage. Son tissu doux orn\u00e9 de petites fleurs, agr\u00e9ment\u00e9 de dentelle fine au col et aux poignets, cr\u00e9e une allure \u00e0 la fois modeste et gracieuse. La [&hellip;]<\/p>\n","protected":false},"featured_media":7051,"comment_status":"open","ping_status":"closed","template":"","meta":[],"product_brand":[],"product_cat":[65,66],"product_tag":[],"class_list":{"0":"post-7046","1":"product","2":"type-product","3":"status-publish","4":"has-post-thumbnail","6":"product_cat-nouveautes","7":"product_cat-robes","9":"first","10":"outofstock","11":"shipping-taxable","12":"purchasable","13":"product-type-variable"},"_links":{"self":[{"href":"https:\/\/lavender.tn\/index.php\/wp-json\/wp\/v2\/product\/7046","targetHints":{"allow":["GET"]}}],"collection":[{"href":"https:\/\/lavender.tn\/index.php\/wp-json\/wp\/v2\/product"}],"about":[{"href":"https:\/\/lavender.tn\/index.php\/wp-json\/wp\/v2\/types\/product"}],"replies":[{"embeddable":true,"href":"https:\/\/lavender.tn\/index.php\/wp-json\/wp\/v2\/comments?post=7046"}],"wp:featuredmedia":[{"embeddable":true,"href":"https:\/\/lavender.tn\/index.php\/wp-json\/wp\/v2\/media\/7051"}],"wp:attachment":[{"href":"https:\/\/lavender.tn\/index.php\/wp-json\/wp\/v2\/media?parent=7046"}],"wp:term":[{"taxonomy":"product_brand","embeddable":true,"href":"https:\/\/lavender.tn\/index.php\/wp-json\/wp\/v2\/product_brand?post=7046"},{"taxonomy":"product_cat","embeddable":true,"href":"https:\/\/lavender.tn\/index.php\/wp-json\/wp\/v2\/product_cat?post=7046"},{"taxonomy":"product_tag","embeddable":true,"href":"https:\/\/lavender.tn\/index.php\/wp-json\/wp\/v2\/product_tag?post=7046"}],"curies":[{"name":"wp","href":"https:\/\/api.w.org\/{rel}","templated":true}]}}