{"id":6759,"date":"2025-06-05T13:31:16","date_gmt":"2025-06-05T13:31:16","guid":{"rendered":"https:\/\/lavender.tn\/?post_type=product&#038;p=6759"},"modified":"2025-11-21T18:34:07","modified_gmt":"2025-11-21T18:34:07","slug":"jogging-dress","status":"publish","type":"product","link":"https:\/\/lavender.tn\/index.php\/product\/jogging-dress\/","title":{"rendered":"Jogging dress"},"content":{"rendered":"<p>Dress en molletonn\u00e9 gratt\u00e9 avec d\u00e9coupe en haut ,manches bouffantes et frances \u00e0 la taille, large et parfait pour une femme voil\u00e9e et non voil\u00e9e.<\/p>\n","protected":false},"excerpt":{"rendered":"<p>Dress en molletonn\u00e9 gratt\u00e9 avec d\u00e9coupe en haut ,manches bouffantes et frances \u00e0 la taille, large et parfait pour une femme voil\u00e9e et non voil\u00e9e.<\/p>\n","protected":false},"featured_media":6760,"comment_status":"open","ping_status":"closed","template":"","meta":[],"product_brand":[],"product_cat":[74,66],"product_tag":[],"class_list":{"0":"post-6759","1":"product","2":"type-product","3":"status-publish","4":"has-post-thumbnail","6":"product_cat-promotions","7":"product_cat-robes","9":"first","10":"outofstock","11":"sale","12":"shipping-taxable","13":"purchasable","14":"product-type-variable"},"_links":{"self":[{"href":"https:\/\/lavender.tn\/index.php\/wp-json\/wp\/v2\/product\/6759","targetHints":{"allow":["GET"]}}],"collection":[{"href":"https:\/\/lavender.tn\/index.php\/wp-json\/wp\/v2\/product"}],"about":[{"href":"https:\/\/lavender.tn\/index.php\/wp-json\/wp\/v2\/types\/product"}],"replies":[{"embeddable":true,"href":"https:\/\/lavender.tn\/index.php\/wp-json\/wp\/v2\/comments?post=6759"}],"wp:featuredmedia":[{"embeddable":true,"href":"https:\/\/lavender.tn\/index.php\/wp-json\/wp\/v2\/media\/6760"}],"wp:attachment":[{"href":"https:\/\/lavender.tn\/index.php\/wp-json\/wp\/v2\/media?parent=6759"}],"wp:term":[{"taxonomy":"product_brand","embeddable":true,"href":"https:\/\/lavender.tn\/index.php\/wp-json\/wp\/v2\/product_brand?post=6759"},{"taxonomy":"product_cat","embeddable":true,"href":"https:\/\/lavender.tn\/index.php\/wp-json\/wp\/v2\/product_cat?post=6759"},{"taxonomy":"product_tag","embeddable":true,"href":"https:\/\/lavender.tn\/index.php\/wp-json\/wp\/v2\/product_tag?post=6759"}],"curies":[{"name":"wp","href":"https:\/\/api.w.org\/{rel}","templated":true}]}}