{"id":6727,"date":"2025-05-26T19:14:08","date_gmt":"2025-05-26T19:14:08","guid":{"rendered":"https:\/\/lavender.tn\/?post_type=product&#038;p=6727"},"modified":"2025-09-16T12:45:21","modified_gmt":"2025-09-16T12:45:21","slug":"mayar","status":"publish","type":"product","link":"http:\/\/lavender.tn\/index.php\/product\/mayar\/","title":{"rendered":"Mayar"},"content":{"rendered":"<p>Robe d\u2019\u00e9t\u00e9 en cr\u00eape Oslo, tr\u00e8s l\u00e9g\u00e8re w fluide. Parfaite pour tes sorties chic ou d\u00e9contract\u00e9es.<\/p>\n<p>&nbsp;<\/p>\n","protected":false},"excerpt":{"rendered":"<ol>\n<li><\/li>\n<\/ol>\n","protected":false},"featured_media":6728,"comment_status":"open","ping_status":"closed","template":"","meta":[],"product_brand":[],"product_cat":[74,66],"product_tag":[],"class_list":{"0":"post-6727","1":"product","2":"type-product","3":"status-publish","4":"has-post-thumbnail","6":"product_cat-promotions","7":"product_cat-robes","9":"first","10":"instock","11":"sale","12":"shipping-taxable","13":"purchasable","14":"product-type-variable"},"_links":{"self":[{"href":"http:\/\/lavender.tn\/index.php\/wp-json\/wp\/v2\/product\/6727","targetHints":{"allow":["GET"]}}],"collection":[{"href":"http:\/\/lavender.tn\/index.php\/wp-json\/wp\/v2\/product"}],"about":[{"href":"http:\/\/lavender.tn\/index.php\/wp-json\/wp\/v2\/types\/product"}],"replies":[{"embeddable":true,"href":"http:\/\/lavender.tn\/index.php\/wp-json\/wp\/v2\/comments?post=6727"}],"wp:featuredmedia":[{"embeddable":true,"href":"http:\/\/lavender.tn\/index.php\/wp-json\/wp\/v2\/media\/6728"}],"wp:attachment":[{"href":"http:\/\/lavender.tn\/index.php\/wp-json\/wp\/v2\/media?parent=6727"}],"wp:term":[{"taxonomy":"product_brand","embeddable":true,"href":"http:\/\/lavender.tn\/index.php\/wp-json\/wp\/v2\/product_brand?post=6727"},{"taxonomy":"product_cat","embeddable":true,"href":"http:\/\/lavender.tn\/index.php\/wp-json\/wp\/v2\/product_cat?post=6727"},{"taxonomy":"product_tag","embeddable":true,"href":"http:\/\/lavender.tn\/index.php\/wp-json\/wp\/v2\/product_tag?post=6727"}],"curies":[{"name":"wp","href":"https:\/\/api.w.org\/{rel}","templated":true}]}}